{"id":469,"date":"2021-05-07T05:59:17","date_gmt":"2021-05-07T05:59:17","guid":{"rendered":"http:\/\/solflamenco.lv\/?page_id=469"},"modified":"2024-09-25T15:24:41","modified_gmt":"2024-09-25T15:24:41","slug":"blogs","status":"publish","type":"page","link":"https:\/\/solflamenco.lv\/index.php\/blogs\/","title":{"rendered":"Jaunumi"},"content":{"rendered":"\t\t<div data-elementor-type=\"wp-page\" data-elementor-id=\"469\" class=\"elementor elementor-469\" data-elementor-settings=\"[]\">\n\t\t\t\t\t\t\t<div class=\"elementor-section-wrap\">\n\t\t\t\t\t\t\t<section class=\"elementor-section elementor-top-section elementor-element elementor-element-ee4ab77 elementor-section-stretched elementor-section-boxed elementor-section-height-default elementor-section-height-default\" data-id=\"ee4ab77\" data-element_type=\"section\" data-settings=\"{&quot;background_background&quot;:&quot;classic&quot;,&quot;stretch_section&quot;:&quot;section-stretched&quot;}\">\n\t\t\t\t\t\t\t<div class=\"elementor-background-overlay\"><\/div>\n\t\t\t\t\t\t\t<div class=\"elementor-container elementor-column-gap-default\">\n\t\t\t\t\t<div class=\"elementor-column elementor-col-50 elementor-top-column elementor-element elementor-element-295a085\" data-id=\"295a085\" data-element_type=\"column\">\n\t\t\t<div class=\"elementor-widget-wrap elementor-element-populated\">\n\t\t\t\t\t\t\t\t<div class=\"elementor-element elementor-element-f94a687 animated-fast elementor-invisible elementor-widget elementor-widget-heading\" data-id=\"f94a687\" data-element_type=\"widget\" data-settings=\"{&quot;_animation&quot;:&quot;fadeInLeft&quot;}\" data-widget_type=\"heading.default\">\n\t\t\t\t<div class=\"elementor-widget-container\">\n\t\t\t<h1 class=\"elementor-heading-title elementor-size-default\">Arriba, \u00a1al Cielo! tus dedos,<br>\ndedos de p\u00e9talos y espinas<br>\nque mi coraz\u00f3n acarician:<br>\n\u2026y rasgan.<\/h1>\t\t<\/div>\n\t\t\t\t<\/div>\n\t\t\t\t\t<\/div>\n\t\t<\/div>\n\t\t\t\t<div class=\"elementor-column elementor-col-50 elementor-top-column elementor-element elementor-element-4320392\" data-id=\"4320392\" data-element_type=\"column\">\n\t\t\t<div class=\"elementor-widget-wrap\">\n\t\t\t\t\t\t\t\t\t<\/div>\n\t\t<\/div>\n\t\t\t\t\t\t\t<\/div>\n\t\t<\/section>\n\t\t\t\t<section class=\"elementor-section elementor-top-section elementor-element elementor-element-f726e4f elementor-section-stretched elementor-section-boxed elementor-section-height-default elementor-section-height-default\" data-id=\"f726e4f\" data-element_type=\"section\" data-settings=\"{&quot;background_background&quot;:&quot;classic&quot;,&quot;stretch_section&quot;:&quot;section-stretched&quot;}\">\n\t\t\t\t\t\t<div class=\"elementor-container elementor-column-gap-default\">\n\t\t\t\t\t<div class=\"elementor-column elementor-col-50 elementor-top-column elementor-element elementor-element-af581e0\" data-id=\"af581e0\" data-element_type=\"column\">\n\t\t\t<div class=\"elementor-widget-wrap elementor-element-populated\">\n\t\t\t\t\t\t\t\t<div class=\"elementor-element elementor-element-bb2fc95 elementor-grid-1 elementor-grid-tablet-2 elementor-grid-mobile-1 elementor-posts--thumbnail-top elementor-widget elementor-widget-posts\" data-id=\"bb2fc95\" data-element_type=\"widget\" data-settings=\"{&quot;classic_columns&quot;:&quot;1&quot;,&quot;classic_columns_tablet&quot;:&quot;2&quot;,&quot;classic_columns_mobile&quot;:&quot;1&quot;,&quot;classic_row_gap&quot;:{&quot;unit&quot;:&quot;px&quot;,&quot;size&quot;:35,&quot;sizes&quot;:[]}}\" data-widget_type=\"posts.classic\">\n\t\t\t\t<div class=\"elementor-widget-container\">\n\t\t\t\t\t<div class=\"elementor-posts-container elementor-posts elementor-posts--skin-classic elementor-grid\">\n\t\t\t\t<article class=\"elementor-post elementor-grid-item post-2000 post type-post status-publish format-standard has-post-thumbnail hentry category-uncategorized entry has-media\">\n\t\t\t\t<a class=\"elementor-post__thumbnail__link\" href=\"https:\/\/solflamenco.lv\/index.php\/2026\/01\/07\/25-janvari-zirgu-pasta-sol-flamenco-koncerts-zem-andaluzijas-saules\/\" >\n\t\t\t<div class=\"elementor-post__thumbnail\"><img loading=\"lazy\" decoding=\"async\" width=\"665\" height=\"350\" src=\"https:\/\/solflamenco.lv\/wp-content\/uploads\/2026\/01\/SOL-665x350-1.png\" class=\"attachment-full size-full\" alt=\"\" srcset=\"https:\/\/solflamenco.lv\/wp-content\/uploads\/2026\/01\/SOL-665x350-1.png 665w, https:\/\/solflamenco.lv\/wp-content\/uploads\/2026\/01\/SOL-665x350-1-300x158.png 300w\" sizes=\"auto, (max-width: 665px) 100vw, 665px\" \/><\/div>\n\t\t<\/a>\n\t\t\t\t<div class=\"elementor-post__text\">\n\t\t\t\t<h3 class=\"elementor-post__title\">\n\t\t\t<a href=\"https:\/\/solflamenco.lv\/index.php\/2026\/01\/07\/25-janvari-zirgu-pasta-sol-flamenco-koncerts-zem-andaluzijas-saules\/\" >\n\t\t\t\t25.janv\u0101r\u012b Zirgu past\u0101 Sol Flamenco koncerts &#8220;Zem Andal\u016bzijas saules&#8221;\t\t\t<\/a>\n\t\t<\/h3>\n\t\t\t\t<div class=\"elementor-post__meta-data\">\n\t\t\t\t\t<span class=\"elementor-post-date\">\n\t\t\t7 janv\u0101ris, 2026\t\t<\/span>\n\t\t\t\t<\/div>\n\t\t\t\t<div class=\"elementor-post__excerpt\">\n\t\t\t<p>Sv\u0113tki ir j\u0101svin un ar sasniegumiem ir j\u0101lepojas! Skat\u012bt\u0101jiem ar prieku v\u0113l reiz par\u0101d\u012bsim un izst\u0101st\u012bsim m\u016bsu flamenko st\u0101stu, kuram iedvesma mekl\u0113jama gan Sevi\u013cas, Heresas un Granadas flamenko vid\u0113, gan pievilc\u012bgaj\u0101 Andal\u016bzijas smar\u017eu, gar\u0161u un dabas ainav\u0101. Koncertizr\u0101de \u201cZem Andal\u016bzijas saules\u201d ir &nbsp;muzik\u0101li dejisks st\u0101sts, kura darb\u012bba norisin\u0101s k\u0101d\u0101 Andal\u016bzijas ciemati\u0146\u0101, un t\u0101 iedz\u012bvot\u0101ji izdz\u012bvo emocijas, kas virmo ikviena andal\u016bzie\u0161a \u0123imen\u0113. No saulrieta l\u012bdz saulrietam dejot\u0101jas izdejos st\u0101stus par ilg\u0101m, zaud\u0113tu m\u012blest\u012bbu, n\u0101vi, kaisli, k\u0101 ar\u012b cer\u012bb\u0101m un nebeidzamo dz\u012bves svin\u0113\u0161anas prieku,<\/p>\n\t\t<\/div>\n\t\t\t\t\t<a class=\"elementor-post__read-more\" href=\"https:\/\/solflamenco.lv\/index.php\/2026\/01\/07\/25-janvari-zirgu-pasta-sol-flamenco-koncerts-zem-andaluzijas-saules\/\" >\n\t\t\t\tLas\u012bt vair\u0101k \u00bb\t\t\t<\/a>\n\t\t\t\t<\/div>\n\t\t\t\t<\/article>\n\t\t\t\t<article class=\"elementor-post elementor-grid-item post-1994 post type-post status-publish format-standard has-post-thumbnail hentry category-uncategorized entry has-media\">\n\t\t\t\t<a class=\"elementor-post__thumbnail__link\" href=\"https:\/\/solflamenco.lv\/index.php\/2025\/09\/29\/flamenko-meistarklases-ar-juan-paredes-sajuti-ritmu-sajuti-soniquete\/\" >\n\t\t\t<div class=\"elementor-post__thumbnail\"><img loading=\"lazy\" decoding=\"async\" width=\"1080\" height=\"1080\" src=\"https:\/\/solflamenco.lv\/wp-content\/uploads\/2025\/09\/WhatsApp-Image-2025-09-26-at-16.43.32.jpeg\" class=\"attachment-full size-full\" alt=\"\" srcset=\"https:\/\/solflamenco.lv\/wp-content\/uploads\/2025\/09\/WhatsApp-Image-2025-09-26-at-16.43.32.jpeg 1080w, https:\/\/solflamenco.lv\/wp-content\/uploads\/2025\/09\/WhatsApp-Image-2025-09-26-at-16.43.32-300x300.jpeg 300w, https:\/\/solflamenco.lv\/wp-content\/uploads\/2025\/09\/WhatsApp-Image-2025-09-26-at-16.43.32-1024x1024.jpeg 1024w, https:\/\/solflamenco.lv\/wp-content\/uploads\/2025\/09\/WhatsApp-Image-2025-09-26-at-16.43.32-150x150.jpeg 150w, https:\/\/solflamenco.lv\/wp-content\/uploads\/2025\/09\/WhatsApp-Image-2025-09-26-at-16.43.32-768x768.jpeg 768w, https:\/\/solflamenco.lv\/wp-content\/uploads\/2025\/09\/WhatsApp-Image-2025-09-26-at-16.43.32-700x700.jpeg 700w\" sizes=\"auto, (max-width: 1080px) 100vw, 1080px\" \/><\/div>\n\t\t<\/a>\n\t\t\t\t<div class=\"elementor-post__text\">\n\t\t\t\t<h3 class=\"elementor-post__title\">\n\t\t\t<a href=\"https:\/\/solflamenco.lv\/index.php\/2025\/09\/29\/flamenko-meistarklases-ar-juan-paredes-sajuti-ritmu-sajuti-soniquete\/\" >\n\t\t\t\tFlamenko meistarklases ar Juan Paredes \u2013 Saj\u016bti ritmu, saj\u016bti soniquete!\t\t\t<\/a>\n\t\t<\/h3>\n\t\t\t\t<div class=\"elementor-post__meta-data\">\n\t\t\t\t\t<span class=\"elementor-post-date\">\n\t\t\t29 septembris, 2025\t\t<\/span>\n\t\t\t\t<\/div>\n\t\t\t\t<div class=\"elementor-post__excerpt\">\n\t\t\t<p>Aicin\u0101m Tevi uz \u012bpa\u0161u flamenko piedz\u012bvojumu \u2013 Buler\u00edas Festeras meistarklas\u0113m kop\u0101 ar harizm\u0101tisko pasniedz\u0113ju Juan Paredes no Seviljas, Sp\u0101nijas! Juan ir flamenko profesion\u0101lis ar vair\u0101k nek\u0101 25 gadu pieredzi uz liel\u0101kaj\u0101m skatuv\u0113m, tostarp Barselonas &#8217;92 Olimpisko sp\u0113\u013cu nosl\u0113guma ceremonij\u0101. Vi\u0146\u0161 ir licenc\u0113ts horeogr\u0101fs un pasniedz\u0113js, kur\u0161 \u0161obr\u012bd ir \u012bpa\u0161i piepras\u012bts, pateicoties savam inovat\u012bvajam Buler\u00edas Festeras pasnieg\u0161anas stilam. Kas ir Buler\u00edas Festeras?Tas ir rota\u013c\u012bgs, improviz\u0113ts flamenko stils, kas radies Andal\u016bzijas sv\u0113tku trad\u012bcij\u0101s. Tas ir ritmiski intens\u012bvs, muzik\u0101ls un atbr\u012bvots \u2013 ide\u0101ls veids, k\u0101<\/p>\n\t\t<\/div>\n\t\t\t\t\t<a class=\"elementor-post__read-more\" href=\"https:\/\/solflamenco.lv\/index.php\/2025\/09\/29\/flamenko-meistarklases-ar-juan-paredes-sajuti-ritmu-sajuti-soniquete\/\" >\n\t\t\t\tLas\u012bt vair\u0101k \u00bb\t\t\t<\/a>\n\t\t\t\t<\/div>\n\t\t\t\t<\/article>\n\t\t\t\t<article class=\"elementor-post elementor-grid-item post-1948 post type-post status-publish format-standard hentry category-uncategorized entry\">\n\t\t\t\t<div class=\"elementor-post__text\">\n\t\t\t\t<h3 class=\"elementor-post__title\">\n\t\t\t<a href=\"https:\/\/solflamenco.lv\/index.php\/2025\/08\/31\/atverta-flamenko-nodarbiba-vermandarza\/\" >\n\t\t\t\tAtv\u0113rt\u0101 Flamenko nodarb\u012bb\u0101 V\u0113rma\u0146d\u0101rz\u0101\t\t\t<\/a>\n\t\t<\/h3>\n\t\t\t\t<div class=\"elementor-post__meta-data\">\n\t\t\t\t\t<span class=\"elementor-post-date\">\n\t\t\t31 augusts, 2025\t\t<\/span>\n\t\t\t\t<\/div>\n\t\t\t\t<div class=\"elementor-post__excerpt\">\n\t\t\t<p>Vai j\u016bti, ka pien\u0101cis br\u012bdis sev \u2013 kust\u012bbai, sievi\u0161\u0137\u012bbai un priekam?Aicin\u0101m Tevi uz atv\u0113rto flamenko un v\u0113derdeju nodarb\u012bbu, kur vari izpaust sevi, sajust ritmu un atkl\u0101t savu iek\u0161\u0113jo sp\u0113ku caur deju!\u0160\u012b ir Tava iesp\u0113ja izkust\u0113ties, uzl\u0101d\u0113ties un satikt citas iedvesmojo\u0161as sievietes.Nodarb\u012bba piem\u0113rota vis\u0101m \u2013 nav svar\u012bgi,vai esi jau dejojo\u0161a, vai tikai sap\u0146o par to. &nbsp;Kad? 4. septembr\u012b plkst. 18:30 \u2013 20:00&nbsp;Kur? V\u0113rma\u0146a park\u0101 pie str\u016bklakas(lietus gad\u012bjum\u0101 \u2013 Mer\u0137e\u013ca iel\u0101 13, ieeja no Arhitektu ielas)&nbsp;Dal\u012bba bez maksas! Nodarb\u012bb\u0101 b\u016bs aizraujo\u0161i deju priek\u0161nesumi un<\/p>\n\t\t<\/div>\n\t\t\t\t\t<a class=\"elementor-post__read-more\" href=\"https:\/\/solflamenco.lv\/index.php\/2025\/08\/31\/atverta-flamenko-nodarbiba-vermandarza\/\" >\n\t\t\t\tLas\u012bt vair\u0101k \u00bb\t\t\t<\/a>\n\t\t\t\t<\/div>\n\t\t\t\t<\/article>\n\t\t\t\t<article class=\"elementor-post elementor-grid-item post-1912 post type-post status-publish format-standard has-post-thumbnail hentry category-uncategorized entry has-media\">\n\t\t\t\t<a class=\"elementor-post__thumbnail__link\" href=\"https:\/\/solflamenco.lv\/index.php\/2025\/07\/24\/flamenko-kaisle-liepaja-koncerts-tipografijas-radosaja-kvartala\/\" >\n\t\t\t<div class=\"elementor-post__thumbnail\"><img loading=\"lazy\" decoding=\"async\" width=\"1000\" height=\"1000\" src=\"https:\/\/solflamenco.lv\/wp-content\/uploads\/2025\/07\/Bernati_2025_1000x1000px.png\" class=\"attachment-full size-full\" alt=\"\" srcset=\"https:\/\/solflamenco.lv\/wp-content\/uploads\/2025\/07\/Bernati_2025_1000x1000px.png 1000w, https:\/\/solflamenco.lv\/wp-content\/uploads\/2025\/07\/Bernati_2025_1000x1000px-300x300.png 300w, https:\/\/solflamenco.lv\/wp-content\/uploads\/2025\/07\/Bernati_2025_1000x1000px-150x150.png 150w, https:\/\/solflamenco.lv\/wp-content\/uploads\/2025\/07\/Bernati_2025_1000x1000px-768x768.png 768w, https:\/\/solflamenco.lv\/wp-content\/uploads\/2025\/07\/Bernati_2025_1000x1000px-700x700.png 700w\" sizes=\"auto, (max-width: 1000px) 100vw, 1000px\" \/><\/div>\n\t\t<\/a>\n\t\t\t\t<div class=\"elementor-post__text\">\n\t\t\t\t<h3 class=\"elementor-post__title\">\n\t\t\t<a href=\"https:\/\/solflamenco.lv\/index.php\/2025\/07\/24\/flamenko-kaisle-liepaja-koncerts-tipografijas-radosaja-kvartala\/\" >\n\t\t\t\tFlamenko kaisle Liep\u0101j\u0101! Koncerts Tipogr\u0101fijas rado\u0161aj\u0101 kvart\u0101l\u0101\t\t\t<\/a>\n\t\t<\/h3>\n\t\t\t\t<div class=\"elementor-post__meta-data\">\n\t\t\t\t\t<span class=\"elementor-post-date\">\n\t\t\t24 j\u016blijs, 2025\t\t<\/span>\n\t\t\t\t<\/div>\n\t\t\t\t<div class=\"elementor-post__excerpt\">\n\t\t\t<p>Vasaras vakars Liep\u0101jas rado\u0161aj\u0101 kvart\u0101l\u0101! \ud83d\udcc5&nbsp;9. august\u0101&nbsp;| \ud83d\udd57&nbsp;20:00&nbsp;| \ud83d\udccd&nbsp;Tipogr\u0101fijas rado\u0161ais kvart\u0101ls Vasaras karst\u0101k\u0101 deja pie j\u016bras \u2013&nbsp;flamenko&nbsp;ar kaisli, sp\u0113ku un dv\u0113seli!Aicin\u0101m uz aizraujo\u0161u flamenko koncertu, kur\u0101 deja run\u0101 bez v\u0101rdiem, m\u016bzika &nbsp;puls\u0113&nbsp; Andal\u016bzijas ritmos un gais\u0101 virmo autentiski sp\u0101niska ener\u0123ija. Uz skatuves redz\u0113siet: &nbsp;\u201cSol Flamenco\u201d&nbsp;\u2013 Flamenko deju klubs no R\u012bgas, kas apvieno dejot\u0101jas ar ilggad\u0113ju pieredzi un m\u012blest\u012bbu pret Andal\u016bzijas kult\u016bru. Vad\u012bt\u0101ja Ilvija Saul\u012bte regul\u0101ri organiz\u0113 meistarklases ar m\u0101ksliniekiem no Sp\u0101nijas, un kluba dejot\u0101jas bie\u017ei uzst\u0101jas kult\u016bras pas\u0101kumos vis\u0101 Latvij\u0101, pied\u0101v\u0101jot deju<\/p>\n\t\t<\/div>\n\t\t\t\t\t<a class=\"elementor-post__read-more\" href=\"https:\/\/solflamenco.lv\/index.php\/2025\/07\/24\/flamenko-kaisle-liepaja-koncerts-tipografijas-radosaja-kvartala\/\" >\n\t\t\t\tLas\u012bt vair\u0101k \u00bb\t\t\t<\/a>\n\t\t\t\t<\/div>\n\t\t\t\t<\/article>\n\t\t\t\t<article class=\"elementor-post elementor-grid-item post-1881 post type-post status-publish format-standard has-post-thumbnail hentry category-uncategorized entry has-media\">\n\t\t\t\t<a class=\"elementor-post__thumbnail__link\" href=\"https:\/\/solflamenco.lv\/index.php\/2025\/06\/09\/flamenko-pie-baltijas-juras\/\" >\n\t\t\t<div class=\"elementor-post__thumbnail\"><img loading=\"lazy\" decoding=\"async\" width=\"1599\" height=\"1116\" src=\"https:\/\/solflamenco.lv\/wp-content\/uploads\/2025\/06\/Nometne_1.jpeg\" class=\"attachment-full size-full\" alt=\"\" srcset=\"https:\/\/solflamenco.lv\/wp-content\/uploads\/2025\/06\/Nometne_1.jpeg 1599w, https:\/\/solflamenco.lv\/wp-content\/uploads\/2025\/06\/Nometne_1-300x209.jpeg 300w, https:\/\/solflamenco.lv\/wp-content\/uploads\/2025\/06\/Nometne_1-1024x715.jpeg 1024w, https:\/\/solflamenco.lv\/wp-content\/uploads\/2025\/06\/Nometne_1-768x536.jpeg 768w, https:\/\/solflamenco.lv\/wp-content\/uploads\/2025\/06\/Nometne_1-1536x1072.jpeg 1536w\" sizes=\"auto, (max-width: 1599px) 100vw, 1599px\" \/><\/div>\n\t\t<\/a>\n\t\t\t\t<div class=\"elementor-post__text\">\n\t\t\t\t<h3 class=\"elementor-post__title\">\n\t\t\t<a href=\"https:\/\/solflamenco.lv\/index.php\/2025\/06\/09\/flamenko-pie-baltijas-juras\/\" >\n\t\t\t\tFlamenko pie Baltijas j\u016bras kop\u0101 ar Francesca Grima un Andrej Vujicic\t\t\t<\/a>\n\t\t<\/h3>\n\t\t\t\t<div class=\"elementor-post__meta-data\">\n\t\t\t\t\t<span class=\"elementor-post-date\">\n\t\t\t9 j\u016bnijs, 2025\t\t<\/span>\n\t\t\t\t<\/div>\n\t\t\t\t<div class=\"elementor-post__excerpt\">\n\t\t\t<p>Deju kluba Sol Flamenco r\u012bkot\u0101 vasaras nometne pie Baltijas j\u016bras ir kas vair\u0101k nek\u0101 tikai flamenko nodarb\u012bbas\u2014 t\u0101 ir draudz\u012bgas flamenko kopienas stiprin\u0101\u0161ana, t\u0101 ir dal\u012b\u0161an\u0101s ar zin\u0101\u0161an\u0101m un t\u0101 ir kop\u012bga dz\u012bves svin\u0113\u0161ana! Pie Baltijas j\u016bras, prie\u017eu me\u017ea un ma\u0123iska klusuma ieskauta, Sol Flamenco vasaras nometne atp\u016btas b\u0101z\u0113 Draudz\u012bba jau 6 gadu k\u013c\u016bst par tik\u0161an\u0101s vietucilv\u0113kiem no da\u017e\u0101d\u0101m valst\u012bm, kurus vieno m\u012blest\u012bba pret flamenko un v\u0113lme m\u0101c\u012bties, dal\u012bties un vienk\u0101r\u0161i b\u016bt kop\u0101! No 6.augusta r\u012bta l\u012bdz 10.augusta p\u0113cpusdienai m\u0113s dz\u012bvosim piln\u012bgi<\/p>\n\t\t<\/div>\n\t\t\t\t\t<a class=\"elementor-post__read-more\" href=\"https:\/\/solflamenco.lv\/index.php\/2025\/06\/09\/flamenko-pie-baltijas-juras\/\" >\n\t\t\t\tLas\u012bt vair\u0101k \u00bb\t\t\t<\/a>\n\t\t\t\t<\/div>\n\t\t\t\t<\/article>\n\t\t\t\t<article class=\"elementor-post elementor-grid-item post-1824 post type-post status-publish format-standard has-post-thumbnail hentry category-uncategorized entry has-media\">\n\t\t\t\t<a class=\"elementor-post__thumbnail__link\" href=\"https:\/\/solflamenco.lv\/index.php\/2025\/04\/07\/sol-flamenco-jubilejas-koncerts-zem-andaluzijas-saules\/\" >\n\t\t\t<div class=\"elementor-post__thumbnail\"><img loading=\"lazy\" decoding=\"async\" width=\"1000\" height=\"625\" src=\"https:\/\/solflamenco.lv\/wp-content\/uploads\/2025\/04\/Solflamenco-koncerts_1-e1744024629117.jpeg\" class=\"attachment-full size-full\" alt=\"\" srcset=\"https:\/\/solflamenco.lv\/wp-content\/uploads\/2025\/04\/Solflamenco-koncerts_1-e1744024629117.jpeg 1000w, https:\/\/solflamenco.lv\/wp-content\/uploads\/2025\/04\/Solflamenco-koncerts_1-e1744024629117-300x188.jpeg 300w, https:\/\/solflamenco.lv\/wp-content\/uploads\/2025\/04\/Solflamenco-koncerts_1-e1744024629117-768x480.jpeg 768w\" sizes=\"auto, (max-width: 1000px) 100vw, 1000px\" \/><\/div>\n\t\t<\/a>\n\t\t\t\t<div class=\"elementor-post__text\">\n\t\t\t\t<h3 class=\"elementor-post__title\">\n\t\t\t<a href=\"https:\/\/solflamenco.lv\/index.php\/2025\/04\/07\/sol-flamenco-jubilejas-koncerts-zem-andaluzijas-saules\/\" >\n\t\t\t\t25.maij\u0101 Sol Flamenco jubilejas koncerts &#8220;Zem Andal\u016bzijas saules&#8221;\t\t\t<\/a>\n\t\t<\/h3>\n\t\t\t\t<div class=\"elementor-post__meta-data\">\n\t\t\t\t\t<span class=\"elementor-post-date\">\n\t\t\t7 apr\u012blis, 2025\t\t<\/span>\n\t\t\t\t<\/div>\n\t\t\t\t<div class=\"elementor-post__excerpt\">\n\t\t\t<p>Sv\u0113tki ir j\u0101svin un ar sasniegumiem ir j\u0101lepojas! M\u0113s lepojamies, ka kluba 5 gadu jubileju varam svin\u0113t kupl\u0101 un draudz\u012bg\u0101 dejot\u0101ju lok\u0101. Skat\u012bt\u0101jiem ar prieku par\u0101d\u012bsim un izst\u0101st\u012bsim m\u016bsu flamenko st\u0101stu, kuram iedvesma mekl\u0113jama gan Sevi\u013cas, Heresas un Granadas flamenko vid\u0113, gan pievilc\u012bgaj\u0101 Andal\u016bzijas smar\u017eu, gar\u0161u un dabas ainav\u0101. Koncertizr\u0101de \u201cZem Andal\u016bzijas saules\u201d ir &nbsp;muzik\u0101li dejisks st\u0101sts, kura darb\u012bba norisin\u0101s k\u0101d\u0101 Andal\u016bzijas ciemati\u0146\u0101, un t\u0101 iedz\u012bvot\u0101ji izdz\u012bvo emocijas, kas virmo ikviena andal\u016bzie\u0161a \u0123imen\u0113. No saulrieta l\u012bdz saulrietam dejot\u0101jas izdejos st\u0101stus par ilg\u0101m,<\/p>\n\t\t<\/div>\n\t\t\t\t\t<a class=\"elementor-post__read-more\" href=\"https:\/\/solflamenco.lv\/index.php\/2025\/04\/07\/sol-flamenco-jubilejas-koncerts-zem-andaluzijas-saules\/\" >\n\t\t\t\tLas\u012bt vair\u0101k \u00bb\t\t\t<\/a>\n\t\t\t\t<\/div>\n\t\t\t\t<\/article>\n\t\t\t\t<\/div>\n\t\t\t\t<nav class=\"elementor-pagination\" role=\"navigation\" aria-label=\"Pagination\">\n\t\t\t<span class=\"page-numbers prev\">&laquo; Iepriek\u0161\u0113j\u0101<\/span>\n<a class=\"page-numbers next\" href=\"https:\/\/solflamenco.lv\/index.php\/wp-json\/wp\/v2\/pages\/469\/page\/2\/\">N\u0101ko\u0161\u0101 &raquo;<\/a>\t\t<\/nav>\n\t\t\t\t<\/div>\n\t\t\t\t<\/div>\n\t\t\t\t\t<\/div>\n\t\t<\/div>\n\t\t\t\t<div class=\"elementor-column elementor-col-50 elementor-top-column elementor-element elementor-element-13d39228\" data-id=\"13d39228\" data-element_type=\"column\" data-settings=\"{&quot;background_background&quot;:&quot;classic&quot;}\">\n\t\t\t<div class=\"elementor-widget-wrap elementor-element-populated\">\n\t\t\t\t\t\t\t\t<section class=\"elementor-section elementor-inner-section elementor-element elementor-element-227a5304 elementor-section-boxed elementor-section-height-default elementor-section-height-default\" data-id=\"227a5304\" data-element_type=\"section\">\n\t\t\t\t\t\t<div class=\"elementor-container elementor-column-gap-no\">\n\t\t\t\t\t<div class=\"elementor-column elementor-col-100 elementor-inner-column elementor-element elementor-element-5aa79430\" data-id=\"5aa79430\" data-element_type=\"column\" data-settings=\"{&quot;background_background&quot;:&quot;classic&quot;}\">\n\t\t\t<div class=\"elementor-widget-wrap elementor-element-populated\">\n\t\t\t\t\t\t\t\t<div class=\"elementor-element elementor-element-19ca0025 elementor-widget elementor-widget-heading\" data-id=\"19ca0025\" data-element_type=\"widget\" data-widget_type=\"heading.default\">\n\t\t\t\t<div class=\"elementor-widget-container\">\n\t\t\t<h3 class=\"elementor-heading-title elementor-size-default\">Recent Posts<\/h3>\t\t<\/div>\n\t\t\t\t<\/div>\n\t\t\t\t<div class=\"elementor-element elementor-element-725daed elementor-grid-1 elementor-grid-tablet-2 elementor-grid-mobile-1 elementor-posts--thumbnail-top elementor-widget elementor-widget-posts\" data-id=\"725daed\" data-element_type=\"widget\" data-settings=\"{&quot;classic_columns&quot;:&quot;1&quot;,&quot;classic_columns_tablet&quot;:&quot;2&quot;,&quot;classic_columns_mobile&quot;:&quot;1&quot;,&quot;classic_row_gap&quot;:{&quot;unit&quot;:&quot;px&quot;,&quot;size&quot;:35,&quot;sizes&quot;:[]}}\" data-widget_type=\"posts.classic\">\n\t\t\t\t<div class=\"elementor-widget-container\">\n\t\t\t\t\t<div class=\"elementor-posts-container elementor-posts elementor-posts--skin-classic elementor-grid\">\n\t\t\t\t<article class=\"elementor-post elementor-grid-item post-2000 post type-post status-publish format-standard has-post-thumbnail hentry category-uncategorized entry has-media\">\n\t\t\t\t<a class=\"elementor-post__thumbnail__link\" href=\"https:\/\/solflamenco.lv\/index.php\/2026\/01\/07\/25-janvari-zirgu-pasta-sol-flamenco-koncerts-zem-andaluzijas-saules\/\" >\n\t\t\t<div class=\"elementor-post__thumbnail\"><img loading=\"lazy\" decoding=\"async\" width=\"300\" height=\"158\" src=\"https:\/\/solflamenco.lv\/wp-content\/uploads\/2026\/01\/SOL-665x350-1-300x158.png\" class=\"attachment-medium size-medium\" alt=\"\" srcset=\"https:\/\/solflamenco.lv\/wp-content\/uploads\/2026\/01\/SOL-665x350-1-300x158.png 300w, https:\/\/solflamenco.lv\/wp-content\/uploads\/2026\/01\/SOL-665x350-1.png 665w\" sizes=\"auto, (max-width: 300px) 100vw, 300px\" \/><\/div>\n\t\t<\/a>\n\t\t\t\t<div class=\"elementor-post__text\">\n\t\t\t\t<h3 class=\"elementor-post__title\">\n\t\t\t<a href=\"https:\/\/solflamenco.lv\/index.php\/2026\/01\/07\/25-janvari-zirgu-pasta-sol-flamenco-koncerts-zem-andaluzijas-saules\/\" >\n\t\t\t\t25.janv\u0101r\u012b Zirgu past\u0101 Sol Flamenco koncerts &#8220;Zem Andal\u016bzijas saules&#8221;\t\t\t<\/a>\n\t\t<\/h3>\n\t\t\t\t<\/div>\n\t\t\t\t<\/article>\n\t\t\t\t<article class=\"elementor-post elementor-grid-item post-1994 post type-post status-publish format-standard has-post-thumbnail hentry category-uncategorized entry has-media\">\n\t\t\t\t<a class=\"elementor-post__thumbnail__link\" href=\"https:\/\/solflamenco.lv\/index.php\/2025\/09\/29\/flamenko-meistarklases-ar-juan-paredes-sajuti-ritmu-sajuti-soniquete\/\" >\n\t\t\t<div class=\"elementor-post__thumbnail\"><img loading=\"lazy\" decoding=\"async\" width=\"300\" height=\"300\" src=\"https:\/\/solflamenco.lv\/wp-content\/uploads\/2025\/09\/WhatsApp-Image-2025-09-26-at-16.43.32-300x300.jpeg\" class=\"attachment-medium size-medium\" alt=\"\" srcset=\"https:\/\/solflamenco.lv\/wp-content\/uploads\/2025\/09\/WhatsApp-Image-2025-09-26-at-16.43.32-300x300.jpeg 300w, https:\/\/solflamenco.lv\/wp-content\/uploads\/2025\/09\/WhatsApp-Image-2025-09-26-at-16.43.32-1024x1024.jpeg 1024w, https:\/\/solflamenco.lv\/wp-content\/uploads\/2025\/09\/WhatsApp-Image-2025-09-26-at-16.43.32-150x150.jpeg 150w, https:\/\/solflamenco.lv\/wp-content\/uploads\/2025\/09\/WhatsApp-Image-2025-09-26-at-16.43.32-768x768.jpeg 768w, https:\/\/solflamenco.lv\/wp-content\/uploads\/2025\/09\/WhatsApp-Image-2025-09-26-at-16.43.32-700x700.jpeg 700w, https:\/\/solflamenco.lv\/wp-content\/uploads\/2025\/09\/WhatsApp-Image-2025-09-26-at-16.43.32.jpeg 1080w\" sizes=\"auto, (max-width: 300px) 100vw, 300px\" \/><\/div>\n\t\t<\/a>\n\t\t\t\t<div class=\"elementor-post__text\">\n\t\t\t\t<h3 class=\"elementor-post__title\">\n\t\t\t<a href=\"https:\/\/solflamenco.lv\/index.php\/2025\/09\/29\/flamenko-meistarklases-ar-juan-paredes-sajuti-ritmu-sajuti-soniquete\/\" >\n\t\t\t\tFlamenko meistarklases ar Juan Paredes \u2013 Saj\u016bti ritmu, saj\u016bti soniquete!\t\t\t<\/a>\n\t\t<\/h3>\n\t\t\t\t<\/div>\n\t\t\t\t<\/article>\n\t\t\t\t<\/div>\n\t\t\t\t<\/div>\n\t\t\t\t<\/div>\n\t\t\t\t\t<\/div>\n\t\t<\/div>\n\t\t\t\t\t\t\t<\/div>\n\t\t<\/section>\n\t\t\t\t\t<\/div>\n\t\t<\/div>\n\t\t\t\t\t\t\t<\/div>\n\t\t<\/section>\n\t\t\t\t\t\t<\/div>\n\t\t\t\t\t<\/div>\n\t\t","protected":false},"excerpt":{"rendered":"<p>Arriba, \u00a1al Cielo! tus dedos, dedos de p\u00e9talos y espinas que mi coraz\u00f3n acarician: \u2026y rasgan. Recent Posts<\/p>\n","protected":false},"author":1,"featured_media":0,"parent":0,"menu_order":0,"comment_status":"closed","ping_status":"closed","template":"","meta":{"footnotes":""},"class_list":["post-469","page","type-page","status-publish","hentry","entry","has-media"],"_links":{"self":[{"href":"https:\/\/solflamenco.lv\/index.php\/wp-json\/wp\/v2\/pages\/469","targetHints":{"allow":["GET"]}}],"collection":[{"href":"https:\/\/solflamenco.lv\/index.php\/wp-json\/wp\/v2\/pages"}],"about":[{"href":"https:\/\/solflamenco.lv\/index.php\/wp-json\/wp\/v2\/types\/page"}],"author":[{"embeddable":true,"href":"https:\/\/solflamenco.lv\/index.php\/wp-json\/wp\/v2\/users\/1"}],"replies":[{"embeddable":true,"href":"https:\/\/solflamenco.lv\/index.php\/wp-json\/wp\/v2\/comments?post=469"}],"version-history":[{"count":54,"href":"https:\/\/solflamenco.lv\/index.php\/wp-json\/wp\/v2\/pages\/469\/revisions"}],"predecessor-version":[{"id":1777,"href":"https:\/\/solflamenco.lv\/index.php\/wp-json\/wp\/v2\/pages\/469\/revisions\/1777"}],"wp:attachment":[{"href":"https:\/\/solflamenco.lv\/index.php\/wp-json\/wp\/v2\/media?parent=469"}],"curies":[{"name":"wp","href":"https:\/\/api.w.org\/{rel}","templated":true}]}}